 q(f) = f**3 + 5*f**2 + 4*f - 4. Give q(g).
-4
Suppose q + 4*q = 25. Let j(b) = 0 + q + 3*b - b**2 - 2. Suppose 0 = y + y - 2*n - 12, 4*y + 5*n - 6 = 0. What is j(y)?
-1
Let r(p) be the third derivative of -p**6/120 - 7*p**5/60 - p**4/4 - 4*p**2 - p. Give r(-6).
0
Suppose w = 5*w + 3*c - 75, w - 13 = 5*c. Let q = w - 12. Let o(x) = -20*x**2 + 9*x**2 + 8*x - 2*x + 4*x**2 + x**3 + 8. Give o(q).
8
Let w = 8 - 2. Let g(k) = 4 + 221256*k + 3 - 221254*k. Determine g(w).
19
Let c(y) = 22*y - 23*y + 0 - 3. Calculate c(5).
-8
Suppose -3*k - 3*k - 66 = 0. Let x(f) = 16*f**2 + 5*f - 84. Let s(q) = 3*q**2 + q - 17. Let l(t) = k*s(t) + 2*x(t). Give l(0).
19
Let t(x) = -x**3 + 5 - 8*x**2 - 1 + 2243*x - 2240*x. What is t(-7)?
-66
Let m = -1465 - -1457. Let j(t) = 2*t**2 + 18*t + 18. Give j(m).
2
Suppose -9*k + 12*k = -51. Let s = 17 + k. Let j(u) = -u - 17. Give j(s).
-17
Suppose -129*x = -126*x + 3. Let j(r) = 10*r. Determine j(x).
-10
Let j(k) = -2*k + 1 + k + 12*k - 2*k + 2*k**2 - 2*k. Give j(-5).
16
Let y(q) = q + 19*q**2 - 35*q**2 + 20*q**2 + 8*q - 3*q**2 + 4. Let u(r) = r**2 + 5*r - 7. Let f be u(-5). Calculate y(f).
-10
Let p(s) be the third derivative of -s**5/60 - 5*s**4/24 - 2*s**3/3 - 89*s**2. Suppose 2*c + 25 = -3*c. Give p(c).
-4
Let r(n) = 16*n**2 - 16*n. Suppose c + 6 = 11. Suppose 0 = j + 6 + c. Let v(o) = 3*o**2 - 3*o. Let d(x) = j*v(x) + 2*r(x). Calculate d(0).
0
Let d(l) = 0*l - 4*l + 5*l + 3. Let n(m) = -5*m**3 - m**2 + m - 1. Let q(a) = -2*a + 25. Let r be q(12). Let c be n(r). Calculate d(c).
-3
Suppose 0 = 4*q - 16. Let f(z) = 3*z**3 + 8*z**2 + 3*z - 2. Let m(b) = b**3 + b**2 + b. Let k(g) = f(g) - 4*m(g). What is k(q)?
-6
Suppose 5*t = 5*s + 10, 5*t + 4*s = 6*s + 16. Let l(k) be the third derivative of 0 - 1/12*k**t + 1/6*k**3 - k**2 + 0*k. What is l(3)?
-5
Let w be 5 + 3/(-1) + 6. Suppose -3*g + w*g = -5. Let v(r) = -7*r - 1. What is v(g)?
6
Let f = -350 - -349. Let v(n) = 12*n + 3. Let h(x) = -25*x - 7. Let c = -4 + 0. Let j(z) = c*h(z) - 9*v(z). What is j(f)?
9
Suppose -2*a - 3*d + 19 = -a, 0 = -4*a - d + 21. Suppose 0 = 4*z + 3*o + 2*o + 20, o = -4*z - a. Let t(v) = v + 5. Determine t(z).
5
Let i(w) = -2*w. Let k = 231 - 226. Determine i(k).
-10
Let t(d) = -d**3 + 5*d**2 - 3*d - 1. Let a(b) = 4*b - 10. Let x be a(3). Let p be 2 - x/(0 - 2). What is t(p)?
8
Let f(x) be the first derivative of -x**6/360 - x**5/40 - x**4/12 - 8*x**3 - 21. Let t(p) be the third derivative of f(p). Determine t(-4).
-6
Suppose -55 - 47 = 17*o. Let q(b) = b**3 + 7*b**2 + 5*b - 6. Determine q(o).
0
Suppose 0 = b + 8 - 4, -31 = -5*u + 4*b. Let c(m) be the third derivative of 0*m + 2*m**2 - 1/6*m**u + 1/4*m**4 + 0. Give c(2).
11
Let s(j) = j**3 + j**2 - 4*j - 1. Let g(z) = 2*z**2 - 8*z - 3. Let n be g(5). Suppose n*l = l - 18. Give s(l).
-7
Let x be 2*((-6)/4 + 1). Let y(k) = -3 + 80*k**3 - 81*k**3 + 3*k + k**2 - 2*k**2 - 2*k + 4. Calculate y(x).
0
Suppose -5*k - 37 = 3*z, -5*k - 28 = -3*z + 5*z. Let v(b) = -b**3 - 9*b**2 - 2*b - 7. What is v(z)?
11
Let v(h) = 2*h**2 - 3*h + 1. Suppose -5*j - 157 + 47 = -5*q, 83 = 4*q - 3*j. Let s = 19 - q. Suppose -r + 6 = s*r. Calculate v(r).
3
Let u = -191 + 132. Let l = -64 - u. Let g(y) = y**2 + 5*y + 4. Give g(l).
4
Suppose -3*r + 1 + 5 = 0. Let l(i) = -4 + r + 135*i - 131*i. Calculate l(4).
14
Let q(k) be the first derivative of 4*k**2 + 1/3*k**3 - 5*k - 20. What is q(-9)?
4
Suppose 3*t + 0*n = -3*n - 24, t = 2*n - 5. Let f(z) = 2*z - 10. Calculate f(t).
-24
Let n(k) be the second derivative of -k**3/6 + 6*k**2 + 38*k. Determine n(11).
1
Let k(z) be the second derivative of -z**5/20 - 4*z. Let f be k(-1). Let a(i) = -i - 4. Let g(m) = -2*m - 5. Let p(l) = -4*a(l) + 3*g(l). Calculate p(f).
-1
Let k(d) = d**3 - 5*d**2 + d + 3. Let u be (15/6)/(6/12). Determine k(u).
8
Let n = 2 - -3. Suppose g + n = -0. Let l(h) = -h**2 - 4*h - 3. Determine l(g).
-8
Let t(o) = 4441 - 4454 - 3*o + 5*o. What is t(10)?
7
Let q(a) be the third derivative of 0*a**3 + 1/60*a**5 + 0 + 1/4*a**4 - 5*a**2 + 0*a. Give q(-4).
-8
Let n(t) = t - 1. Let j be -2*(-2 + (-4)/8). Let m = j + -6. Let x be n(m). Let r(a) = a**2 + 2*a - 1. Calculate r(x).
-1
Let x(w) be the third derivative of w**4/24 + w**3/2 + 4*w**2. Suppose -12*n = -20*n - 24. Determine x(n).
0
Let a(l) = l**2 - 6*l + 8. Suppose -19 = -3*d + 4*r, 4*r = -0*d + d - 1. Let z be d + 6/(10/(-5)). Calculate a(z).
8
Let l(x) = -5*x - 7. Let n = 1565 + -1557. What is l(n)?
-47
Suppose 4*g - q - 38 = 2*g, -5*g - 5*q + 95 = 0. Suppose -u + g = 5*n, 2*u = n - 0*u + 5. Let k(t) = n*t**2 - 3 + 2 - 4*t + t + 4*t. What is k(1)?
3
Let i be 6/(5 - 2) - 3. Let w be i*(-5)/1 - 1. Let m(h) be the third derivative of -h**5/60 + h**4/12 + h**3/2 - 25*h**2. What is m(w)?
-5
Suppose -z = -3*m - 48 - 66, -4*m + 4*z = 144. Let c = m - -40. Let k be (-4)/c*36/48. Let s(w) = w**3 + 2*w**2 + 1. Determine s(k).
-8
Let n(u) = 10*u - 9. Let p(r) = -7*r + 5. Let a(w) = 5*n(w) + 7*p(w). Let v = -9 + 15. Give a(v).
-4
Let d(y) = y**2 - 6*y + 5. Let x(n) = n**2 - n - 24. Let z be x(-5). Calculate d(z).
5
Let l(w) be the third derivative of w**5/15 - w**4/24 - w**3/2 - 172*w**2. Calculate l(2).
11
Let v(d) be the third derivative of -d**5/60 - d**4/4 + d**3/6 + d**2. Suppose 2*o + 13 = -2*a + 7, -6 = -2*o. Calculate v(a).
1
Let f(o) be the second derivative of o**4/24 + o**3/6 + 4*o**2 - 20*o. Let t(s) be the first derivative of f(s). Give t(1).
2
Suppose -3*j - 5*s - 2 + 8 = 0, -3*j + 5*s + 6 = 0. Suppose c - 9 = -j*c. Let p(a) = 4 + 4*a + 1 - 4*a + a + a**c - 4*a**2. What is p(4)?
9
Let c be -6 + 6 - (2 - 3). Let o(s) = s + 2. What is o(c)?
3
Let k(w) = w + 1. Let d be -5 - (-134)/26 - (-108)/(-26). Determine k(d).
-3
Let g(x) = -4*x + 1. Let b be 0/(1/((-2)/8) - -6). Give g(b).
1
Let h(d) be the first derivative of -9 + 4*d - 1/3*d**3 + 1/2*d**2. Let u(k) be the first derivative of h(k). Calculate u(-1).
3
Let m = -49 - -42. Let u(f) = -3*f - 10. What is u(m)?
11
Suppose 0 = -3*a + 15, 20 = 2*n + 5*a - 3. Let i(h) be the second derivative of -h**3/3 - h**2/2 + 14*h - 1. What is i(n)?
1
Let h(j) = -22*j**2. Let r = -1006 - -1007. What is h(r)?
-22
Let q(h) = -h - 2. Suppose -156 = 8*r - 10*r. Let v = -85 + r. What is q(v)?
5
Let v(c) = c - 7. Let g(b) = 4 - b + 7 - 11. Let d(u) = 2*g(u) + v(u). Let m(j) = 4*j + 2. Let w be m(-2). What is d(w)?
-1
Let z = 9 + -7. Let t(s) = -s - s + 1 + z + 0 + 3*s**2. Give t(2).
11
Let b be 168/(-35) - 2/10. Let v(g) be the second derivative of -g**4/12 - 5*g**3/6 + g**2/2 - 2*g. Calculate v(b).
1
Let r(y) = y**2 + 2*y - 11. Let h(q) = -3*q**3 + 16*q**2 - 2*q - 12. Let c be h(5). What is r(c)?
4
Let b(y) = -y + 24. Suppose 2*k - 4*h = 18, 34*h - 33*h = -k + 18. What is b(k)?
9
Let f(c) be the third derivative of c**6/120 + c**5/5 + 11*c**4/24 - c**3/6 + 38*c**2 + 1. Calculate f(-11).
-1
Let n(b) = 8*b**2. Let v be 161/2 + (-7)/(56/(-12)). Let c = v + -83. Determine n(c).
8
Suppose 3*a = 6*a + 21. Let w(b) = -7*b**2 - 8*b - 9. Let s(y) = 3*y**2 - 3*y**2 - 3*y**2 + 1 + 4*y**2. Let d(o) = -6*s(o) - w(o). Determine d(a).
-4
Let k(q) = -q**3 + 3*q**2 - 4*q - 1. Let i(h) = -2*h**2 + 0*h**2 + 2 + 3*h + h**3 + h**2 - h**2. Let y(u) = 4*i(u) + 3*k(u). Suppose -7*x + 3*x = 0. Give y(x).
5
Let s(l) = -10 + 4*l**3 + 4*l - 10*l - 5*l**3 - 6*l + 11*l. Calculate s(0).
-10
Let b(d) be the second derivative of d**5/20 + 5*d**4/6 + 4*d**3/3 - 7*d**2/2 + 236*d - 1. What is b(-9)?
2
Let c = 12 + -5. Let v(w) = c*w**2 + 1 + 2 - 4. Suppose 20*r - 78*r = -58. Calculate v(r).
6
Let u(b) = 31*b. Let l be u(-4). Let d = 117 + l. Let w(x) = -x**2 - 5*x + 10. Calculate w(d).
-4
Suppose 0 = b + 4*b - 3*z + 7, -5*b + 17 = 3*z. Let i(x) be the third derivative of -5*x**4/12 - 9*x**2 - x. What is i(b)?
-10
Let k(f) = 4*f + 4. Let x(l) = -5*l - 3. Let p(b) = 4*k(b) + 3*x(b). Let a = -37 - -19. Let g = 24 + a. Determine p(g).
13
Let k(u) = 4*u - 2. Let f(t) = -2*t + 53. Let a be f(24). Give k(a).
18
Let i(c) be the second derivative of -c**3/3 - c**2 - 8*c. Let j = -63 + 70. Determine i(j).
-16
Let x(g) be the first derivative of -g + 2/3*g**3 + 12 + 0*g**2 + 5/4*g**4. Give x(-1).
-4
Let m(p) = p**2 - 6*p + 4. Let j(k) be the first derivative of -k**4/4 + 7*k**3/3 + 5*k**2 - 5*k - 3. Let l be j(8). Suppose -9 = -4*t